.
0
Let t be (9/6)/(2/4). Let f(l) = l**3 + 3*l - 2. Let m = 14 + 4. What is the remainder when f(t) is divided by m?
16
Suppose 2 + 7 = 3*z. Suppose 0*f - 26 = -2*t + 4*f, -5*f - 41 = -z*t. Calculate the remainder when t is divided by 9.
8
Let w(y) = -y**2 + 6*y + 2. Let s(p) = p**3 + 4*p**2 + 2*p + 1. What is the remainder when w(5) is divided by s(-3)?
3
Let b(t) = t**3 - 5*t**2 + 2*t - 7. Let q be b(5). What is the remainder when 47/2*(q + -1) is divided by 16?
15
What is the remainder when 55 is divided by (-11 - -39)*(1 - 0)?
27
Suppose 27 = 2*j - 5. Let t = 28 - j. What is the remainder when 21 is divided by t?
9
Let p = 24 + -21. Calculate the remainder when 4 is divided by p.
1
Suppose -3*b + 183 = -6*b. Let j = 98 + b. Calculate the remainder when j is divided by 13.
11
Let v be (-216)/4*2/4. Let w = v + 41. Calculate the remainder when 68 is divided by w.
12
Let q(f) = -2*f. Suppose -4*o - 2*k + 136 = -6*k, -5*o - 4*k = -179. What is the remainder when o is divided by q(-6)?
11
Let s(i) be the first derivative of -i**4/2 - 2*i**3/3 - i**2 + 2*i - 4. What is the remainder when s(-2) is divided by 3*(-1)/((-6)/10)?
4
Let k = 13 + -6. Let h = 9 + -5. Calculate the remainder when k is divided by h.
3
Let u = 2 + 8. Suppose 2*p - 3*f = 70, -p + 4*f = -0*p - 30. What is the remainder when p is divided by u?
8
Let i = -43 + 76. What is the remainder when 96 is divided by i?
30
Let q = 6 + 6. Calculate the remainder when 22 is divided by q.
10
Suppose -b + 39 = 5*x, -27 = -3*x + 4*b - b. Calculate the remainder when -69*1*2/(-6) is divided by x.
7
Suppose 0 = -0*o - o + 8. What is the remainder when 37 is divided by o?
5
Let s = 23 + -9. Let a = 11 - 18. Let h(n) = -n**2 - 7*n + 5. What is the remainder when s is divided by h(a)?
4
Let x(q) = 0*q**3 - q**3 + 4*q**2 - 2*q + 0*q - 1 + 3. Let h = -2 - -4. What is the remainder when 16 is divided by x(h)?
4
Let i(j) = 3*j**2 + 4*j + 2*j - 2*j**2. Suppose 0 = -4*q + 3*q + 14. What is the remainder when i(-9) is divided by q?
13
Let d be (-4 + 2)*54/4. Let t = d + 55. What is the remainder when t is divided by 15?
13
Suppose 20 = 7*l - 2*l. Suppose 5*a - 7*a - l = 0. Calculate the remainder when -2*(a + 45/(-2)) is divided by 17.
15
Suppose -8*z = -4*z + 120. Let g(q) = q**2 - q - 2. Calculate the remainder when g(-3) is divided by (10/(-6))/(z/108).
4
What is the remainder when 26 is divided by 2/(-9) + (-276)/(-27)?
6
Let h(k) = -k**3 - 3*k**2 + 2*k - 3. Let n be h(-4). Let j = 3 - 1. Suppose -n*v + 116 = -y - 28, j*v + 5*y = 36. What is the remainder when v is divided by 10?
8
Suppose 2*w + 4*u = -u - 13, 0 = 4*w - 5*u + 11. Let d(n) = -n + 1. Calculate the remainder when 13 is divided by d(w).
3
Let r be ((-20)/(-6))/((-3)/(-9)). Let n = -108 - -167. Calculate the remainder when n is divided by (r/(-4))/((-2)/16).
19
Let i(g) = -g**2 - 3*g. Let p be i(-3). Suppose p = -2*x - 12 + 30. What is the remainder when x is divided by 5?
4
Suppose -24*p - 192 = -27*p. Calculate the remainder when p is divided by 23.
18
Suppose 59 = -7*h + 8*h. Suppose t + 2*v = 3*v + 32, 2*t + 3*v - h = 0. Suppose 5*z - c = -4*c + 74, 30 = 2*z + c. What is the remainder when t is divided by z?
15
Calculate the remainder when 29 is divided by (13 - 1) + 5 + -9.
5
Suppose -6*h + h = 5*p, 8 = 4*h + 2*p. Suppose h*k = 25 + 3. Let d = -10 - -21. Calculate the remainder when d is divided by k.
4
Calculate the remainder when 19 is divided by (1*5)/((-8)/(-16)).
9
Suppose 0 = h, -4*p + h + 68 = 5*h. Calculate the remainder when 151 is divided by p.
15
Let y(j) = -2*j - 4. Let d(c) = c + 21. Let p be d(0). Let r be (-4)/14 + (-99)/p. What is the remainder when 17 is divided by y(r)?
5
What is the remainder when 27 is divided by ((-12)/4 + 4)*7?
6
Let o = 164 - 107. Let k = o + 14. What is the remainder when k is divided by 12?
11
Let c = 16 + -3. What is the remainder when 48 is divided by c?
9
Suppose -c - 4*c - n = -164, 134 = 4*c - 2*n. Let w = -22 - -34. What is the remainder when c is divided by w?
9
Suppose 3*i = -2*i + 455. Suppose 2*c - 248 = -6*c. What is the remainder when i is divided by c?
29
Let g = -2 + 6. Suppose -16 = -g*s + 3*s. What is the remainder when s is divided by (-32)/(-6) + 4/6?
4
Let a be (-4 - (-1 - 3)) + 86. Let g = a + -23. What is the remainder when g is divided by 16?
15
Suppose 63*v - 360 = 55*v. Calculate the remainder when v is divided by 20.
5
Let g(w) = -4*w - 19. What is the remainder when 21 is divided by g(-8)?
8
Suppose 0 = y + 4*j - 8, 0*y = -4*y - j + 17. Let z be ((-51)/(-2))/(12/(-16)). Calculate the remainder when 6/18 + z/(-6) is divided by y.
2
Let p = 34 + 55. What is the remainder when p is divided by 18?
17
Let o = -15 + 11. Let j(q) = q**3 + 5*q**2 - 3*q - 1. What is the remainder when j(o) is divided by 7/(-5*(-5)/50)?
13
Let b = 14 - 6. Let z = b - -3. Calculate the remainder when z is divided by 6.
5
Suppose 3*i - 13 = -3*q - i, -4*i + 24 = 4*q. Calculate the remainder when ((-255)/(-25))/(42/70) is divided by q.
6
Let l(f) = 2*f - 12. What is the remainder when 26 is divided by l(13)?
12
Let h = 64 - 41. Suppose u + 4*u = 30. What is the remainder when h is divided by u?
5
What is the remainder when 34 is divided by ((-36)/8)/((-1)/2)?
7
Let w(p) = -p**2 + 6*p - 3. Let d be w(4). What is the remainder when (-2)/d - (-588)/20 is divided by 8?
5
Suppose -24*s + 22*s + 150 = 0. What is the remainder when s is divided by 21?
12
Suppose -18 = -4*a + 2. Let d(c) = -4*c**3 - 2*c + 2. Let r be d(2). Let z = -20 - r. What is the remainder when z is divided by a?
4
Suppose d = 0, -4*n = 6*d - 5*d + 28. Let x = n - -23. Calculate the remainder when x is divided by 1 - (-6 - (2 + 0)).
7
Calculate the remainder when 38 is divided by (-2 - -21 - 2) + (11 - 15).
12
Let c(s) = s**2 - 2*s. Let p be c(4). Suppose -4*k - 3*m + 28 = 0, 2*m = k - m + p. Let g(l) = 2*l + 1. Calculate the remainder when g(3) is divided by k.
3
Suppose 121 + 8 = 3*j. Suppose d - 12 = 3*d. Let c(o) = o**3 + 5*o**2 - 10*o - 9. What is the remainder when j is divided by c(d)?
13
Let u be (39/5)/((-2)/(-10)). Suppose -2*d + l = -33, u = 2*d - 4*l + l. What is the remainder when 43 is divided by d?
13
Suppose -w + 3*f = 9 - 1, -4*w - 100 = 5*f. Let c = 76 + w. Calculate the remainder when c is divided by 19.
18
Let n(u) = 3*u - 2. Let w be n(-4). Let m = w - -35. What is the remainder when m is divided by 6?
3
Let s(n) = -n + 12. Let a = -33 + 78. Suppose -a = -2*f + g - 9, 4*f - g = 70. What is the remainder when f is divided by s(6)?
5
Let d be (3 - 1)/((-8)/20). Let f(v) = -3*v - 5. Let m(x) = 2*x + 6. Let k(c) = d*m(c) - 6*f(c). Calculate the remainder when k(1) is divided by 5.
3
Calculate the remainder when 6 is divided by (1 - 3 - 0)*(-15)/6.
1
Let b(t) = t**3 - 8*t**2 + 3*t + 10. Let k be b(8). Suppose -32*c = -k*c + 32. What is the remainder when 44 is divided by c?
12
Let f(d) = 5*d + 1. Calculate the remainder when (0 + 31)/((-40)/(-40)) is divided by f(2).
9
Let y(j) = -25*j + 16. Calculate the remainder when y(-5) is divided by 24.
21
Suppose 0 = -4*n + 44 - 4. Let v(t) = -t**2 + 10*t + 5. What is the remainder when v(6) is divided by n?
9
Suppose 3*o - 16 = o - 3*d, 0 = -5*d - 20. Let t = o + -7. Suppose 7*r - 3*r - 20 = -f, -8 = f - 3*r. What is the remainder when t is divided by f?
3
Let p(i) be the second derivative of i**5/20 - i**4/4 + i**3/3 - i**2 - 2*i. Calculate the remainder when p(4) is divided by 12.
10
Let i(v) = -4*v - 2. Suppose -4*p = -8*p - 12. What is the remainder when -12*9/8*-2 is divided by i(p)?
7
Suppose 0 = 5*b - 215 - 55. Let f = b + -32. What is the remainder when 64 is divided by f?
20
Suppose -15 = -5*v, m - 3*v - 4 = -12. Let x be (-1)/(-5) + (-24)/(-5). Suppose n = -x*n + 12. What is the remainder when n is divided by m?
0
What is the remainder when (522/(-12))/(1/(-6)) is divided by 44?
41
Let u = 11 - 4. What is the remainder when u is divided by 16/10*(-5)/(-2)?
3
Let l(f) = -f**3 + 17*f**2 - 14*f + 24. What is the remainder when l(16) is divided by 29?
27
Let g = 10 - 1. Let b be (-2 + 3)*g*1. Suppose -9 = -w - 5*n, 4*w - 2*n - 5 = b. Calculate the remainder when w is divided by 3.
1
Suppose -5*r + r + 68 = 0. Calculate the remainder when 66 is divided by r.
15
L